4*k + 1886. Determine m(-72).
1598
Let h(q) = -q**3 - 31*q**2 + 39223*q + 1139154. Give h(-29).
5
Let z(o) = o**3 + 686*o**2 + 4824*o + 48210. Give z(-679).
1
Let l(z) = -13*z**3 - 1449*z**2 + 781*z + 123. Calculate l(-112).
459
Let h(l) = -72*l**2 - 9800*l - 1113. Calculate h(-136).
-25
Let g(a) = 1534*a + 1168916. Determine g(-762).
8
Let s(c) = 13093*c - 235792. Calculate s(18).
-118
Let m(t) = -22077*t - 154595. Determine m(-7).
-56
Let t(f) = 32*f**2 - 321*f - 13403. What is t(-16)?
-75
Let q(i) = -2*i**3 + 17*i**2 + 82*i - 591. What is q(11)?
-294
Let x(f) = 403*f + 45553. Give x(-113).
14
Let i(y) = 2*y**2 - 432*y - 9428. What is i(236)?
12
Let o(l) = -7*l**2 + 724*l - 18407. Give o(45).
-2
Let o(v) = 108*v**2 + 7277*v - 39079. Calculate o(5).
6
Let l(w) = 5698*w + 68458. Calculate l(-12).
82
Let s(o) = -182*o**2 + 756*o + 30. What is s(4)?
142
Let x(k) = 4*k**3 + 135*k**2 - 83*k + 952. Give x(-35).
-2268
Let l(f) = 3030*f - 457533. Determine l(151).
-3
Let f(j) = -j**2 - 75*j + 562. What is f(-86)?
-384
Let p(o) = 7*o**3 + 65*o**2 - 335*o - 3013. Calculate p(-9).
164
Let o(w) = -w**3 - 20*w**2 - 18*w + 5. Give o(-18).
-319
Let t(v) = -773*v - 700. Calculate t(-1).
73
Let o(a) = -874*a + 29759. Determine o(34).
43
Let f(j) = -2*j**3 + 347*j**2 + 884*j - 1003. Give f(176).
-299
Let l(o) = 8499*o + 112676. Calculate l(-13).
2189
Let v(y) = 5315*y + 1126762. Give v(-212).
-18
Let h(r) = r**3 + 250*r**2 + 14952*r + 421. Calculate h(-151).
-32
Let z(c) = -1741*c - 66143. Determine z(-38).
15
Let y(s) = 757*s - 75689. Give y(100).
11
Let f(o) = o**3 - 31*o**2 + 116*o + 46. Calculate f(32).
4782
Let y(c) = 9*c**2 + 316*c - 2686. Calculate y(7).
-33
Let v(x) = 6924*x - 242319. Determine v(35).
21
Let v(x) = -15565*x + 93382. Give v(6).
-8
Let m(v) = v**3 + 107*v**2 - 258*v + 20814. What is m(-111)?
168
Let y(s) = 71*s**2 - 433*s - 2562. What is y(-6)?
2592
Let q(m) = -7619*m + 136684. Calculate q(18).
-458
Let h(l) = 2*l**2 + 143*l + 2564. Calculate h(-55).
749
Let h(z) = 22*z**2 + 249*z + 546. Determine h(-3).
-3
Let z(q) = 11*q**2 - 1586*q - 17599. Determine z(-11).
1178
Let l(m) = 1340*m + 6891. Calculate l(-5).
191
Let u(j) = 3*j**2 + 1090*j + 40575. Determine u(-322).
647
Let i(b) = 2*b**2 - 209*b + 4714. Determine i(72).
34
Let h(g) = 9700*g - 30721. What is h(3)?
-1621
Let b(j) = 525913*j + 525908. Determine b(-1).
-5
Let k(y) = -1502*y + 27037. Determine k(18).
1
Let t(h) = -963*h - 34726. What is t(-36)?
-58
Let f(s) = 9*s**2 + 656*s - 12. Determine f(-73).
61
Let w(b) = 2*b**3 - 100*b**2 + 693*b - 161. Calculate w(8).
7
Let z(n) = -n**2 + 138*n + 3097. Give z(157).
114
Let p(b) = -349*b - 3190. Calculate p(-11).
649
Let x(i) = i**2 - 11*i - 700. Calculate x(-33).
752
Let f(s) = 23*s**2 + 24*s - 57. Calculate f(-5).
398
Let r(i) = 139*i + 16988. What is r(-122)?
30
Let l(s) = 10*s**3 + 298*s**2 - 372*s - 5. Give l(-31).
-5
Let n(q) = 30*q**2 - 1044*q + 867. Determine n(34).
51
Let b(d) = -d**3 - 3*d**2 - 19*d + 15. Calculate b(-10).
905
Let x(v) = -3*v**2 + 2128*v - 359008. Determine x(433).
-51
Let g(r) = 50*r**3 - r**2 + 262*r + 263. Determine g(-1).
-50
Let b(f) = 8*f**2 - 67*f + 840. Determine b(6).
726
Let l(y) = y**2 + 2808*y - 151668. What is l(53)?
-35
Let a(u) = 1344723*u - 9413057. Calculate a(7).
4
Let p(o) = -5552*o + 27467. Determine p(5).
-293
Let i(y) = -12*y**2 + 883*y + 457. Calculate i(74).
87
Let f(g) = 3*g**2 + 3213*g - 42275. Determine f(13).
1
Let u(z) = 657*z + 57173. What is u(-87)?
14
Let y(w) = 59*w**3 + 28*w**2 - 98*w + 32. What is y(4)?
3864
Let x(k) = -k**2 - 97*k + 13666. Determine x(-175).
16
Let w(z) = -3656*z - 190140. Determine w(-52).
-28
Let a(t) = -9*t**2 - 903*t - 6652. Calculate a(-8).
-4
Let z(r) = -72*r - 2831. What is z(-46)?
481
Let l(f) = 11*f**2 + 372*f - 149. What is l(-33)?
-446
Let f(o) = 3*o**2 - 1836*o + 23351. Determine f(13).
-10
Let g(o) = o**3 + 122*o**2 + 128*o - 152. What is g(-121)?
-999
Let j(m) = 579*m - 43991. What is j(76)?
13
Let b(m) = 754*m + 37270. Give b(-49).
324
Let a(v) = 34637*v + 207675. Determine a(-6).
-147
Let r(z) = 823*z - 20598. Calculate r(25).
-23
Let w(r) = 8660*r + 43260. Determine w(-5).
-40
Let w(p) = 2*p**3 + 182*p**2 - 1570*p - 76988. Determine w(-95).
-38
Let m(t) = 11063*t - 840916. Calculate m(76).
-128
Let m(r) = -15275*r + 229277. Give m(15).
152
Let q(g) = g**2 + 224*g + 4919. Calculate q(-24).
119
Let v(w) = -548*w + 171098. Calculate v(313).
-426
Let l(o) = 2924*o**2 - 5832*o + 4. Give l(2).
36
Let h(v) = -v**2 - 7663*v + 138211. Determine h(18).
-47
Let f(b) = b**3 + 19*b**2 + 34*b + 1665. Determine f(-23).
-1233
Let f(n) = -32*n**2 - 19379*n - 11450. Determine f(-605).
45
Let g(u) = 3*u**3 + 412*u**2 + 144*u + 480. Calculate g(-137).
-479
Let p(w) = 194*w**2 + 6792*w + 62. Determine p(-35).
-8
Let a(f) = -f**3 + 79*f**2 - 26*f - 3839. What is a(78)?
217
Let r(h) = -2505*h + 1207. What is r(0)?
1207
Let j(f) = 2*f**3 + 248*f**2 - 236*f + 435. What is j(-125)?
-1315
Let g(t) = t**2 - 954681*t - 4773424. Give g(-5).
6
Let b(q) = 2*q**3 - 489*q**2 + 1195*q + 3605. Determine b(242).
-25
Let t(w) = 5762*w + 351477. Give t(-61).
-5
Let v(c) = 8*c**2 + 742*c + 5165. What is v(-7)?
363
Let v(c) = c**2 - 5921*c - 88994. Give v(-15).
46
Let b(n) = -210*n - 8382. Give b(-40).
18
Let b(w) = 28738*w + 775791. Give b(-27).
-135
Let q(d) = -d**3 + 368*d**2 - 8895*d + 156. Determine q(26).
78
Let i(j) = 7324*j + 483378. Determine i(-66).
-6
Let v(r) = -2*r**2 - 7451*r - 6675046. Give v(-1499).
1
Let k(g) = 4975*g - 223889. What is k(45)?
-14
Let i(f) = -3*f**2 + 277*f + 22909. Give i(145).
-1
Let g(q) = -2*q**3 + 33*q**2 - 9*q - 37. Calculate g(17).
-479
Let o(d) = -84830*d + 1442151. Determine o(17).
41
Let s(t) = 53*t**3 + 41*t**2 + 5*t + 4. Give s(-1).
-13
Let y(z) = -4199*z + 105045. What is y(25)?
70
Let v(c) = 23495*c - 46793. Give v(2).
197
Let q(g) = -g**3 + 39*g**2 + 365*g - 15222. What is q(38)?
92
Let x(p) = 365*p**3 + 2*p**2 - p - 2. Give x(1).
364
Let k(a) = -5*a**2 + 62389*a + 1876154. Give k(-30).
-16
Let h(s) = -16279*s - 97800. Calculate h(-6).
-126
Let f(v) = -v**2 - 278*v - 16296. Give f(-99).
1425
Let k(f) = f**2 - 36893*f + 2099675. What is k(57)?
23
Let g(q) = -2*q**3 - 113*q**2 - 1223*q + 53. Determine g(-41).
-1915
Let n(i) = 148*i - 20917. Calculate n(141).
-49
Let o(d) = 37*d**2 + 1325*d + 15. Give o(-36).
267
Let g(w) = 11*w**3 + 3*w**2 - 242*w - 71. Determine g(-8).
-3575
Let v(y) = 5*y**2 - 1251*y - 21267. Calculate v(-16).
29
Let q(c) = -2*c**2 - 782*c - 76409. Determine q(-192).
7
Let a(g) = -827352*g - 8273505. What is a(-10)?
15
Let h(d) = -d**3 + 32*d**2 - 39*d - 46. Give h(29).
1346
Let p(f) = -6877*f - 116897. Give p(-17).
12
Let s(y) = -53*y**3 + 110*y**2 - 33*y + 64. Determine s(2).
14
Let s(t) = 4*t**3 + 1831*t**2 - 461*t - 1378. What is s(-458)?
-4
Let u(m) = 590*m - 147510. What is u(250)?
-10
Let x(q) = 4*q**2 + 1059*q + 11347. Determine x(-11).
182
Let n(s) = 13*s**2 - 2180*s + 54650. What is n(137)?
-13
Let f(w) = -83*w - 16526. What is f(-202)?
240
Let r(w) = -w**3 + 15*w**2 + 1631*w - 20003. Give r(12).
1
Let z(k) = 2*k**3 + 443*k**2 - 1140*k - 4482. Determine z(-224).
-2
Let l(q) = q**2 + 1367*q + 77210. Calculate l(-59).
38
Let j(c) = 425*c - 4219. Determine j(10).
31
Let q(s) = -s**2 + 3336*s - 23352. Give q(7).
-49
Let x(g) = -259*g**2 - 49725*g + 313. What is x(-192)?
-263
Let h(s) = 5*s**2 - 2240*s + 76018. Give h(411).
-17
Let o(p) = -p**3 + 16*p**2 - 1403*p + 20738. Calculate o(15).
-82
Let k(j) = -31*j**3 - 305*j**2 - 753*j + 18. What is k(-6)?
252
Let q(g) = 2*g**2 - 918*g - 369965. What is q(717)?
7
Let k(q) = -4*q**3 - 808*q**2 + 6*q + 1204. Determine k(-202).
-8
Let m(p) = p**2 + 76392*p - 305579. Determine m(4).
5
Let l(p) = -636*p - 7652. Determine l(-12).
-20
Let h(u) = -107*u**2 - 1385*u - 607. Give h(-13).
-685
Let n(p) = -26428*p + 1242121. Give n(47).
5
Let h(w) = 35*w**2 - 19236*w - 38502. Determine h(-2).
110
Let y(m) = 9*m**3 - 86*m**2 + 5*m - 106. Calculate y(11).
1522
Let j(b) = 104*b**2 - 18637*b - 334. Give j(179).
-4093
Let w(t) = 2739*t + 117779. Give w(-43).
2
Let d(u) = -6954*u - 13904. Calculate d(-2).
4
Let k(i) = -2*i**3 - 1935*i**2 - 2915*i - 16444. Determine k(-966).
-22
Le